v + v + a. What is the units digit of v?
4
Let p(h) = -53*h + 50. Let o be p(1). What is the units digit of (o*57/(-36))/(12/96)?
8
Suppose -9 = m - g, -2*g - 24 = 2*m - 6*g. Let v = m - -56. Let c = 36 + v. What is the units digit of c?
6
Suppose 2*b - 47 = -y, 3*b - 7*b + 5*y = -59. Let q be (-6)/21*28/(-8) - b. What is the units digit of (q/(-30))/((-4)/(-618))?
3
What is the tens digit of 152/((-1 + (-9)/(-27))/(-134))?
5
Let o = -92 - -96. Suppose -o*m = -7*m + 198. What is the units digit of m?
6
Suppose 3*t - 4022 = 5*p - 73723, 2*p + 4*t - 27844 = 0. What is the ten thousands digit of p?
1
Let i be (-10 - -2) + 3733 + -24. What is the units digit of i/9 - (-30)/(-135)?
1
Let y = 95 + -95. What is the tens digit of (-504)/(-3) - (3 - y/(-4))?
6
Suppose 0 = 5*v + 3*f + 100, v - 2 = 3*f - 4. Let k = 19 + v. Suppose k*h - 404 = -2*m - 150, -3*h + 2*m + 401 = 0. What is the hundreds digit of h?
1
Let l = 89 - 92. Let u(c) = 11*c**2 - 7*c + 7. What is the hundreds digit of u(l)?
1
Let v be (-44)/33*1*1*15. Let a be (-30)/v - (-779)/2. Suppose -8*p + 153 = -a. What is the tens digit of p?
6
Let k = 2015 + -638. Let r = -469 + k. What is the tens digit of r?
0
Suppose 0 = -10*g + 3*g + 182. Suppose 0 = 2*t + 3*j - 32, t + 6*j = 2*j + g. Suppose t*o + 242 = 12*o. What is the units digit of o?
1
Let a = -34 - -44. Suppose a*p = 13*p. What is the tens digit of (-22)/(-11) - (-53 + p)?
5
Suppose -15*n = -27*n. Suppose 4*y = -y, n = -3*j - 2*y + 210. What is the tens digit of j?
7
Suppose -18*l - 25*l + 42*l + 19014 = 0. What is the tens digit of l?
1
Let v(i) = i**3 + 13*i**2 - 25*i - 17. Let l be v(-8). Let s = l + -92. What is the hundreds digit of s?
4
Let q = -454 + 456. Suppose -d + 250 - 48 = b, 0 = 5*d + 3*b - 1016. Suppose 3*i - 276 - d = 5*w, -q*w = 3*i - 467. What is the tens digit of i?
5
Let m = 46 - 60. Let n(g) = 13*g**2 + 16*g + 20. Let s(v) = 7*v**2 + 8*v + 10. Let x(b) = 6*n(b) - 11*s(b). What is the tens digit of x(m)?
9
Suppose -87*h + 340 = -88*h. Let g = 714 + h. What is the tens digit of g?
7
Let u be ((-24)/(-10))/((24/50)/4). Suppose -4*g + u = 0, -791 = -2*w - 0*g - 3*g. What is the tens digit of w?
8
Suppose 0 = -4*p + 3*f + 27, -21 = -5*p - 5*f + 4. Suppose -2*v - 12 = -p*v. Suppose v*m - 244 = 2*r, -3*m = -3*r + 2*r - 242. What is the units digit of m?
0
Suppose -172027 = -5*s + 20*s - 1122802. What is the hundreds digit of s?
3
Let n(d) = 6*d**3 + 1 + 10*d**3 + 10*d**3 - 25*d**3 + 2*d**2. Let f be n(0). What is the hundreds digit of (-6 - (6 + -11)) + 179/f?
1
Suppose 0 = 4*k + j - 3*j + 28, 3*j - 21 = 3*k. Let h(o) = -3*o**3 + 8*o**2 - 6*o + 1. What is the thousands digit of h(k)?
1
Suppose 4*v - 9*s = -6*s + 68333, 5*v - 85424 = -4*s. What is the hundreds digit of v?
0
Suppose 2*n = 21*n - 76. Suppose -n*r - 2303 + 69 = -2*c, r = 2*c - 2225. What is the tens digit of c?
1
Let m(q) = -714*q. Let v be m(1). Let a = v + 1003. Suppose -4*c + 31 = -a. What is the tens digit of c?
8
Let c(d) = -d**2 + 5*d - 10. Let k be c(0). What is the tens digit of ((-10)/k - 3)/((-1)/447)?
9
Let d = -3219 + 5563. What is the thousands digit of d?
2
Let t = -11032 - -20102. What is the units digit of t?
0
Let s(j) = -28 - 15 + 7*j + 11 - 5*j. Let g be s(17). Suppose g*u = 2, -5*m + 349 - 16 = 3*u. What is the tens digit of m?
6
Let q(n) = -n**3 - 32*n**2 - 60*n + 6. Let z be q(-30). Let d = 415 + 81. What is the units digit of ((-3)/z)/((-4)/d)?
2
Let p = 32313 + -22729. What is the units digit of p?
4
What is the hundreds digit of 3 + (-39)/15 - 16749813/(-705)?
7
Let u = -625 + 633. What is the tens digit of (2 - u) + 740 - -3?
3
Let y(n) = 8*n - 31. Let o be y(-10). Let u = 584 + o. What is the hundreds digit of u?
4
Let q(z) be the first derivative of z**3/3 - 3*z**2 + 9*z - 19. What is the tens digit of q(-9)?
4
Let b be 2*10/(-50) + 17/5. Let j be (6 + 2 + -3)/1. What is the tens digit of (j - 4)*13 + b?
1
Let v(a) = -2*a**2 + 25*a + 16. Let r be v(8). Suppose 0 = m - 113 - r. What is the tens digit of m?
0
Let v(y) = -10992*y - 213. What is the hundreds digit of v(-3)?
7
Let m = -35 + 216. Suppose 27*h = 26*h + m. What is the units digit of h?
1
Let m = 3588 - 1620. Suppose 17*u = u - m. Let v = u - -392. What is the units digit of v?
9
Let a = -2543 + 14687. What is the thousands digit of a?
2
Let s(v) = -175*v - 2397. What is the tens digit of s(-74)?
5
What is the hundreds digit of (3203/3 + 4)/(212/(-72) + 3)?
2
Let u = -303 - -476. Let z = u - -227. What is the hundreds digit of z?
4
Let t(x) be the third derivative of -3/8*x**4 - 35/6*x**3 + 0 + 0*x - 14*x**2. What is the tens digit of t(-6)?
1
Let x(m) = 56*m**2 + 2*m + 4. Let t be x(-2). Let v = t - -255. What is the hundreds digit of v?
4
Let f = -227 - -567. Suppose -6*z + 740 + f = 0. What is the hundreds digit of z?
1
Let s(t) = -30*t**2 + 1027*t - 4. What is the hundreds digit of s(19)?
6
Let h(f) = 5*f**3 - 2*f**2 - 24*f - 25. Let j = -999 + 1006. What is the tens digit of h(j)?
2
What is the tens digit of 17576 + 4*21/(-7)?
6
Suppose 3*a = -3, -12*a + 5*a = -r + 6760. What is the tens digit of r?
5
Suppose -3*m + 12*m = 3429. Let s = m - 230. What is the tens digit of s?
5
Suppose 4*w - 3*n = n + 16, -3*w - n + 16 = 0. Suppose 4*q = q - 9, 0 = 2*x - q + w. What is the units digit of x/6 + (-299)/(-3)?
9
Let f(n) = -577*n + 1. Let t be (-3)/(-8) - -55*5/(-200). What is the units digit of f(t)?
8
Suppose 162*r = -377*r + 13019006. What is the hundreds digit of r?
1
Let h = 51232 - 27741. What is the tens digit of h?
9
Let z be (16/(-56))/((-3)/42). Suppose -z*b = -3*b - x - 94, 3*x + 183 = 2*b. What is the tens digit of b?
9
Let d be 10/85 + (-153536)/(-68). Let w = d - 1570. What is the tens digit of w?
8
Let q = -4588 - -5917. What is the units digit of q?
9
Let x(d) = 14*d - 60. Let l(q) = -5*q + 20. Let k(y) = -11*l(y) - 4*x(y). Let o be 0 + (-5 - (6 + -10)) - -6. What is the tens digit of k(o)?
1
Let g(q) = -777*q**3 - 7*q**2 - 10*q + 1. Let v(h) = -779*h**3 - 6*h**2 - 8*h + 1. Let r(k) = 4*g(k) - 5*v(k). What is the units digit of r(1)?
8
Let x(u) be the first derivative of -205*u**2/2 - 17*u - 13. What is the units digit of x(-2)?
3
Let x(w) = w + 126. Let d be x(0). Suppose -3*j - 44 = -p, 5*j + d = 3*p + 10. Let l = 38 - p. What is the units digit of l?
6
Let x = 2453 + -2605. Let k(l) = 10*l**2 - 4*l - 7. Let v be k(-5). Let b = v + x. What is the units digit of b?
1
Let d be 1228/3 - (-4 + (-30)/(-9)). Suppose -t + 2*y = -d, y + 4*y = 4*t - 1637. Suppose 9*f - 2955 = -t. What is the units digit of f?
3
Suppose -3*c + l = -10284, -13*l + 13712 = 4*c - 17*l. What is the hundreds digit of c?
4
Let f(p) = p**2 + 4*p + 51. Let j be f(7). Let k = j - -113. What is the tens digit of k?
4
Let j be (-2)/4*-7 + 7/14. Suppose -g = 2*z + 4*g - j, 0 = g. What is the units digit of (91*1 - -1)/(0 + z)?
6
Let c = -4637 - -6524. What is the units digit of c?
7
Let w = 348 + -542. Let b = w - -698. What is the tens digit of b?
0
What is the units digit of ((-143928)/(-15))/12*5 + -2?
6
Let z be 728/(-3)*(-2 - 1). Let b = z - 292. What is the hundreds digit of b?
4
Suppose -3*a = -r + 2*a - 2, -5*r = a + 10. Let p be 75/(-2)*3/(3/r). Let j = p - -17. What is the tens digit of j?
9
Suppose -5*v = 3*q - 11193, 17*v = 2*q + 13*v - 7462. What is the tens digit of q?
3
Let n = 191 - 192. Let c(y) = 48*y**2 - y - 2. What is the tens digit of c(n)?
4
Suppose -41*b + 114 = -22*b. Suppose -p - 3*h = 3*p - 525, -530 = -4*p + 2*h. Suppose -b*u = -5*u - p. What is the tens digit of u?
3
What is the ten thousands digit of -1*(4 + -7*4580)?
3
Let l = 2026 + -977. Let s = -373 + l. What is the units digit of s?
6
Let f(b) be the first derivative of b**5/60 + 3*b**4/8 - b**3/2 + 27*b**2/2 + 4. Let r(u) be the second derivative of f(u). What is the units digit of r(-10)?
7
Suppose -10*z + 12*z - 12 = 0. Let s be (-171)/z*-2 - (-2 + 1). Let q = s + -21. What is the units digit of q?
7
Let o(s) = 151*s**2 + 15*s - 19. What is the ten thousands digit of o(10)?
1
Let u be (3 - (-10)/(-3))*-9. Let r be (-238)/(0 - u - -2). Let m = -153 + r. What is the units digit of m?
5
Let x be 1*(-1)/2*122. Let a = 131 - x. Suppose -2*y = -2*b + a, 2*b + y - 193 = 2*y. What is the tens digit of b?
9
Sup